**2 - 5*c + 1. What is the remainder when v(6) is divided by 13?
11
Let b = -49 + 97. Calculate the remainder when b is divided by 26.
22
Suppose 2*b = -2*f + 46 - 6, 3*f + b = 52. Suppose 2*u = -2*u + f. Suppose u*j + j - 45 = 0. Calculate the remainder when j is divided by 5.
4
Let w(m) be the third derivative of m**5/60 - 7*m**4/24 - m**3/3 + m**2. Let z be w(8). Calculate the remainder when 22 is divided by z + (2 - 2) + 2.
6
Let v(n) = 33*n**2 + 2*n + 2. What is the remainder when v(-1) is divided by 12?
9
Let v(j) = j**3 + 14*j**2 - 2*j - 9. Calculate the remainder when 112 is divided by v(-14).
17
Let u = 11 - 8. Suppose u*a = w + w + 143, 2*a + 5*w - 70 = 0. What is the remainder when a is divided by 23?
22
Suppose 3*f + 0*f + 7 = -s, 3*f - 13 = -5*s. Calculate the remainder when 23 is divided by s.
3
Suppose -12 = 4*t - 2*t. Let c = -3 - t. What is the remainder when -1 + (0 - -5 - -1) is divided by c?
2
Let x = 34 - -5. What is the remainder when x is divided by 14?
11
Let q(w) = -w + 6. Let y be q(4). Suppose 65 = 4*p - v, -2*v - 43 = -y*p - 5*v. What is the remainder when p is divided by ((-4)/(-10))/(3/45)?
5
Let i = 18 + -43. Let c be (870/i)/((-2)/5). Suppose 3*p - 4*w = -0*p + 65, 0 = -5*p - 4*w + c. Calculate the remainder when p is divided by 10.
9
Suppose w = -2*w + 48. Let s = 25 - w. Let m = 19 - 14. Calculate the remainder when s is divided by m.
4
Suppose -5*o - 5*l + 195 = 0, -5*o - l = -92 - 115. What is the remainder when 166 is divided by o?
40
Suppose s + 3*s - 44 = 0. Let j(o) = -1. Let k(x) = 3*x - 6. Let g(u) = 3*j(u) - k(u). What is the remainder when g(-6) is divided by s?
10
Suppose -5*r = 3*t + 19, 0*t - 4*r - 24 = -2*t. What is the remainder when 5 is divided by t?
1
Let t(j) = j**3 + 10*j**2 + 9*j + 3. Let q = -3 - -23. Calculate the remainder when t(-8) is divided by q.
19
Suppose -m - 3 = 2*m. Calculate the remainder when 39 is divided by (m + 2)*(-5 + 25).
19
Suppose 3*t - 64 = -4*i, 2*t - 40 = -0*t - 2*i. Suppose -3*c - 2*c = -300. What is the remainder when c is divided by t?
12
Let s(q) be the third derivative of -q**6/120 + q**5/20 + q**4/4 - q**3/3 + q**2. Let n be 3 + 0 - (-2)/2. Calculate the remainder when s(n) is divided by 4.
2
Let i = -4 + 27. Let u = -10 + 18. Calculate the remainder when i is divided by u.
7
Suppose 80 = 5*c - 55. What is the remainder when c is divided by 6?
3
Let l(a) = -a**3 - 8*a**2 + 9*a - 13. Let t be l(-9). Let b = t + 23. What is the remainder when 39 is divided by b?
9
What is the remainder when 6/4*6 + -2 is divided by 4?
3
Let n(s) = s + 1. Let t(q) = -29*q - 1. Let m(j) = -2*n(j) - t(j). Calculate the remainder when m(1) is divided by 14.
12
Suppose -h - h = 34. Suppose 5*a = 85 + 45. Let d = h + a. What is the remainder when 34 is divided by d?
7
Suppose 4 = -5*b + 3*b. Let z(a) = 14*a**2 - a + 1. Calculate the remainder when z(b) is divided by 20.
19
Suppose 4*s + 368 = p, 3*s - 4*s + 1078 = 3*p. Calculate the remainder when (p/50)/(3/20) is divided by 17.
14
Calculate the remainder when 42/(-3)*(-22)/4 is divided by 16.
13
Let m = -4 - -8. Suppose 0*g - g = -m. What is the remainder when g is divided by (-4)/(-3) - 6/(-9)?
0
Let b = -20 + 31. Let y be 1*5 + (2 - 3). Suppose -2 = 4*c - 6, y*o + 4*c = 84. What is the remainder when o is divided by b?
9
Let m be -4 - (1 + 0 - -2). Let g = 15 + m. Let t = g - 6. What is the remainder when 2 is divided by t?
0
Let v(a) = a**3 - a - 1. Let q(i) = -6*i**3 - 4*i**2 + 13*i + 11. Let x(m) = -q(m) - 5*v(m). Calculate the remainder when 34 is divided by x(-5).
7
Suppose 0 = -3*b - 0*b + 3. Calculate the remainder when 1 is divided by b.
0
Let q = 3 - 16. Let o = -1 - q. What is the remainder when o is divided by 7?
5
Suppose -g + 5 = -2*j, 2*j - 2*g = g - 3. Let m = 2 + j. Calculate the remainder when 35 is divided by 11 - (m + 2 + -2).
11
What is the remainder when (5*18/(-15))/((-4)/78) is divided by 40?
37
Let v = 19 + -12. Let q(k) = k**2 - 20*k + 23. Calculate the remainder when v is divided by q(19).
3
Let b = -8 - -20. Calculate the remainder when 7 is divided by 11/3 + (-8)/b.
1
Suppose 42 = -0*w - 2*w. Let d be 1/(-2) - w/6. What is the remainder when 11 is divided by 0 + -6*(-2)/d?
3
Let q be (13/5 + -3)*5. Let d = 6 - q. What is the remainder when 14 is divided by d?
6
Let w = -25 - -36. Suppose -2*f + 7 = -w. Suppose -4*a = -118 + 18. What is the remainder when a is divided by f?
7
Suppose y + 1 = 0, 5*f - y - 145 = -4. What is the remainder when f is divided by 7?
0
Let o(l) = 17*l + 1. Let p = -3 - -2. Let x be o(p). Let r = 2 - x. Calculate the remainder when r is divided by 10.
8
Let y = 1 + 4. Calculate the remainder when y is divided by 2.
1
Let d be 1/(-4)*5*-36. Let t be (-2 - 3/(-9))*-3. Suppose -d = -t*s - 6*v + 2*v, 5*v = 0. Calculate the remainder when 17 is divided by s.
8
Suppose -4*l - i + 220 = -6*i, 3*i - 12 = 0. Let m = -89 - -54. Let k = m + l. Calculate the remainder when k is divided by 13.
12
Let q(t) = 2*t + 18. Calculate the remainder when q(-6) is divided by 2/(-11) + (-70)/(-22).
0
Let i(o) = o**2 + 3*o + 2. Suppose -3*p + 5 = -4*p. Let j be i(p). Suppose -w - r = -j, w + 6 = 3*r - 2. Calculate the remainder when 13 is divided by w.
6
Let o = 5 + -4. Suppose -o - 15 = -4*f. What is the remainder when (-15 - -2)*(1 - 2) is divided by f?
1
Suppose 2*q = 5*g - 3*q - 105, -2*g - 5*q = -63. Let l(z) = z + 7. What is the remainder when g is divided by l(6)?
11
Let k be ((-18)/8)/(2/(-8)). Suppose 0 = -2*m + y + 2 - 10, -2*m - 2*y - 20 = 0. Let d = k - m. Calculate the remainder when 29 is divided by d.
14
Let o(w) = -w**3 - 6*w**2 + 9*w + 8. What is the remainder when o(-8) is divided by 23?
18
Suppose 10*v + 64 = 194. Suppose -2*u + 6*u - 24 = 0. What is the remainder when v is divided by u?
1
Suppose 0 = 3*u - 2*u + 51. Let m = -13 - u. What is the remainder when m is divided by 10?
8
Let j be 0*((-2)/1)/(-4). Let k = j - -2. Let y(o) = o**3 - o**2 + o. What is the remainder when y(k) is divided by 4?
2
Let t = 9 + 2. Calculate the remainder when 28 is divided by t.
6
Suppose 1 = 4*x - 2*a - 9, -5*x = -5*a - 25. Suppose 0 = 3*n + 4*r - 65, 2*n - 2*r - 46 - 2 = x. What is the remainder when n is divided by 8?
7
Suppose 0 = 5*o + 252 - 72. Let r = o + 65. What is the remainder when r is divided by 15?
14
Let t = 114 + -4. What is the remainder when t is divided by 28?
26
Let l(w) = w**3 - w + 1. Calculate the remainder when l(3) is divided by 14.
11
Let d(r) = r - 27. Let j be d(0). Let c = -19 - j. What is the remainder when c is divided by 3?
2
Let m(r) = 5*r**2 - 2. Let k(j) = j**2 + j - 9. What is the remainder when k(6) is divided by m(2)?
15
Suppose -3*u = -5*j - u + 20, -u - 19 = -4*j. Calculate the remainder when 9 is divided by j.
3
Let v(f) = f**2 + 14*f - 29. What is the remainder when 20 is divided by v(-16)?
2
Let c = 5 - -28. Let z be c/(-2)*(-6)/9. What is the remainder when 29 is divided by 1 + z + -1 + -1?
9
Suppose -93 + 5 = -4*p. Suppose -y - 5*m = 3*y - 44, -4*y = -3*m - 12. What is the remainder when p is divided by y?
4
Suppose 5*w + 44 = -0*w + 2*j, -42 = 4*w - 5*j. Let h = 13 + w. Suppose -4*i + 2 = h*k, 0*k - k - 17 = -5*i. Calculate the remainder when 3 is divided by i.
0
Suppose 5*a - 26 = 4*m + 5, 2*a - 18 = 3*m. Suppose a*p - 42 = p. Calculate the remainder when 39 is divided by p.
18
Let s(v) = -v + 2. Let r(k) = -3*k + 5. Let h(f) = 6*r(f) - 13*s(f). Let j = 43 - 28. What is the remainder when h(-5) is divided by j?
14
Let d(g) = g**2 + g - 1. Let i be d(-3). What is the remainder when 45 is divided by 570/25 + 1/i?
22
Suppose 2*l - 162 = -5*j, -j - 5*l + 22 + 15 = 0. What is the remainder when 62 is divided by j?
30
Suppose -4*n + 58 = 5*f, 0 = -4*n - 3*f - 5 + 59. Let j = -43 + 66. Calculate the remainder when j is divided by n.
11
Let r = 19 + -13. Suppose h + 4 = r. Suppose -4*q = -10 - 2. Calculate the remainder when q is divided by h.
1
Let v = -30 - -18. Let g = 57 + v. Calculate the remainder when g is divided by 16.
13
Suppose -4*h + 4*s + 200 = 0, -20 - 24 = -h - 5*s. What is the remainder when h is divided by 7?
0
Let m be 2/(-10) + (-1278)/(-15). Suppose 3*k + m = 8*k. Let d = k + -1. What is the remainder when 46 is divided by d?
14
Suppose 0